 -5. Suppose -5*x = 64 - 34. Let l = p + x. Let s(z) = -z**2 + 8*z + 10. What is s(l)?
17
Let u(o) = -o**2 + 25*o - 35. Let g(h) = 2*h**2 - 48*h + 68. Let r(j) = -6*g(j) - 11*u(j). Determine r(12).
-11
Let n(x) = -7*x + 52. Suppose -136*f - 70 = -146*f. What is n(f)?
3
Let l(b) = 3*b + 1. Suppose -5 = -y + 49. Let n be (-45)/2*-3*24/y. Let c = 32 - n. Determine l(c).
7
Let i(y) = 7*y - 66. Suppose 11*g = 175 - 98. Calculate i(g).
-17
Let x(z) = -15*z - 50. Let o be x(-3). Let c(m) = 2*m - 1. Let s(n) = 2*n. Let j be (-1)/2*24/(-2). Let y(b) = j*s(b) + o*c(b). Calculate y(4).
13
Suppose -4*s = -3*u - 34, 0*u = -2*s - 3*u + 8. Let a be s - -3 - 2/1. Let x(k) = 2*k - 10*k + 2 + 7*k + 0. Calculate x(a).
-6
Let r(p) be the second derivative of -p**4/12 - p**3/2 + 15*p**2/2 + 1559*p - 2. Calculate r(2).
5
Let v(h) be the first derivative of -h**4/4 - 8*h**3/3 + 10*h**2 - 35*h - 1580. Calculate v(-10).
-35
Suppose 2*x + 2*d - 14 = 5*d, 0 = -2*x - 2*d + 4. Suppose 544*h + 144 = 547*h. Let y(v) = -v + 17 + 20 - h + 14. Determine y(x).
-1
Let x be ((-5)/(-15))/(3/18). Let c(z) = z**3 - 4*z**2 + 9*z - 7. Give c(x).
3
Let a(p) = -237*p + 86. Let b(x) = 330*x - 87. Let h(w) = 4*a(w) + 3*b(w). Determine h(-2).
-1
Let q = 52 + -16. Let h be (-1)/4 - (-585)/q. Suppose 12 = b + h. Let g(j) = -j**2 - 6*j - 4. Calculate g(b).
4
Let i(g) be the second derivative of 8*g**3/3 + 25*g**2 - 1334*g. What is i(-3)?
2
Let l(s) = -21*s - 13 - 14*s + 36*s. Let d be l(-7). Let a(c) = -c - 22. What is a(d)?
-2
Suppose 4*z + 398 = 5*p + 362, p - 5*z - 24 = 0. Let f(v) = -v**3 + 8*v**2 - 13*v - 8. Calculate f(p).
4
Let m(p) = p**2 + 134*p + 14. Let o(l) = 2*l**2 + 255*l + 27. Let z(x) = -19*m(x) + 10*o(x). Suppose 2*j + 4 = -0*j. Calculate z(j).
0
Let a(q) = -2*q**3 + 6*q**2 - 4*q + 3. Let n(c) = 8*c**3 - 25*c**2 + 18*c - 12. Let b(x) = -9*a(x) - 2*n(x). What is b(3)?
15
Let j(v) be the first derivative of -v**2/2 - 2*v - 3. Let d be j(6). Let n be 15/(-2)*d/(-10). Let a(q) = -q**2 - 6*q - 7. Give a(n).
-7
Let x(u) be the first derivative of -u**3/3 - 4*u**2 - 6*u - 4377. Suppose -3 = 5*f + 27. What is x(f)?
6
Let a(w) = 17*w**3 + 5*w**2 - 3*w - 5. Let l(b) = 8*b**3 + 2*b**2 - b - 2. Let p(y) = 3*a(y) - 7*l(y). Give p(-2).
47
Let v = 11386 - 11375. Let t(p) = -p**3 + 12*p**2 - 11*p + 2. Determine t(v).
2
Let o(b) = 570*b**2 - b + 2. Let f be o(1). Let y = f - 571. Let r(l) = -l**3 + l**2 - l - 17. Determine r(y).
-17
Let j(x) be the first derivative of -4*x**2 - 122*x - 3640. Give j(-11).
-34
Let r(k) = -2*k - 3. Let q(i) = -2*i - 2. Let t = 225 - 224. Let u(v) = t*r(v) - 3*q(v). Determine u(-3).
-9
Let w(v) = -v**3 + 2*v**2 - 2*v + 12. Let t(r) = 51*r - 3363. Let j be t(66). Determine w(j).
-3
Let g(l) = 141*l**2 + 10 + 7*l - 425*l**2 + 142*l**2 + 141*l**2. What is g(6)?
16
Let u(i) be the first derivative of i**4/4 - 2*i**3 - 5*i**2 + 35*i + 2733. What is u(6)?
-25
Let n(w) = -w**2 + 11*w + 30. Let h = -738 + 735. What is n(h)?
-12
Let t(z) = 208 + 6*z - 205 - 16*z - 3*z. What is t(-1)?
16
Let d(s) = -57*s. Let c be -65*(-1)/(-5) - -12. Give d(c).
57
Suppose 0 = -3*l - k, 4*l - 3*k = -18 + 5. Let s(w) = -8*w**2 - w. Let a be s(l). Let o(p) = p - 285 - 7*p**2 - p**3 - 222 + 511. Calculate o(a).
-3
Let w(a) = 13*a - 5. Let p = 3699 - 3694. What is w(p)?
60
Let r be (-4)/(-26) + -2*587/26. Let n = r - -49. Let u(a) = 2*a**3 - 2*a - 3*a**3 + n - a**2 - 7. What is u(-2)?
5
Suppose -216 = -5*j - 251. Let c(i) be the second derivative of -i**5/20 - 7*i**4/12 + i**2 - i - 4. Calculate c(j).
2
Let k(a) = -16*a + 10. Let h = 1888 + -1887. Give k(h).
-6
Let g(n) = -3*n**3 + 3*n**2 - 2*n - 2. Let r(j) = j**3 + 76*j**2 + 81*j + 452. Let k be r(-75). Determine g(k).
-18
Let z(o) = -o**3 + 5*o**2 + 6*o + 1. Let q be (66/(-44))/(11/12 - 1). Suppose -3*f - t = -21, -2*f + t = 3*t - q. Give z(f).
1
Let k(i) = -8*i + 38. Suppose 0 = -3*f - 3 + 15. Let n be k(f). Suppose n = -w + 3*r, -4*r = -5*r + 5. Let h(b) = b**3 - 8*b**2 - 8*b - 11. Give h(w).
-2
Suppose -25*u + 3 = -22*u. Let q(i) = -i - 14*i + 34*i + u. Calculate q(-1).
-18
Let b(m) = 9 - 117*m**2 + 23*m**3 + 113*m**2 - 3*m - 20*m**3. Let y(d) = -d**3 - d**2 + d - 1. Let s(n) = -b(n) - 4*y(n). What is s(-8)?
3
Suppose f = 651 - 421. Let q(s) = -f - s**2 + 229 + 2*s**2 + 5*s. What is q(-6)?
5
Let r = 46 - 41. Suppose -2*w - f + 24 = -6*f, 2*f = -4*w. Let y(l) = 8 + 4*l - 6 + 11*l**2 + r - 12*l**w. Give y(5).
2
Let f(r) = -5353 + 5353 - 16*r**2 + 10*r - r - 2*r. Let o(w) = -3*w**2 - 1. Let u(v) = f(v) - 5*o(v). Determine u(8).
-3
Let t(p) = 4*p**2 + p + 5. Let b(r) = r**2 + 1. Let v(g) = g**3 + 7*g**2 + 2. Let s be v(-7). Let u(j) = s*t(j) - 9*b(j). Give u(2).
1
Let l(a) be the third derivative of -a**5/60 + 15*a**4/8 - 57*a**3 + 4229*a**2. Determine l(36).
-18
Let p be (62/(-56) - (-81)/324)/((-1)/7). Let o(r) = -31*r + 185. Determine o(p).
-1
Let a(g) = -g**3 + 18*g + 7. Suppose 5*i = -236*q + 238*q - 35, -q - 4*i = 28. Determine a(q).
7
Let u(v) = -10*v + 2. Let i(x) = -x. Let w = -226 - -218. Let d(g) = w*i(g) + u(g). Calculate d(-4).
10
Let g(x) = -25*x + 39. Let j be g(-21). Suppose j*o - 560*o = -12. Let i(q) = -q + 4. What is i(o)?
7
Let g(i) = -i**3 + 3*i**2 + 2*i - 2. Suppose -6*n - 120 = -30*n. Let x be 110/7 + (-10)/(-35). Let s be (14/n + -2)*40/x. What is g(s)?
6
Let d(y) be the first derivative of 7*y**2/2 + 139. Let u be 4*(-2 + 3/1). Calculate d(u).
28
Let v = -781 + 784. Suppose h + 5*m + 24 = 0, -h - m + v - 11 = 0. Let p(x) = 2*x**2 + 8*x - 5. Give p(h).
-5
Let o(w) = w**2 - w + 13. Let x(s) = 82*s - 31. Let z be x(-5). Let h = z - -441. Determine o(h).
13
Let h(f) be the second derivative of 0*f**3 + 1/12*f**4 + 18 - 6*f**2 - 2*f. What is h(0)?
-12
Let k(v) = 2*v + 7. Let g = -1319 + 1313. Calculate k(g).
-5
Let p(s) = s**3 - 7*s**2 - s + 7. Let l be p(7). Let w(d) = -d - 2. Let k be w(l). Let b(j) = -857*j + 273*j + 290*j - j**2 + 293*j. Calculate b(k).
-2
Let n(p) = 12*p + 11. Suppose 2*a = -4*q + 2, 24*a + 13 = 27*a - 4*q. Determine n(a).
47
Let a(g) = -g**3 + 4*g**2 - 4*g + 3. Let j(l) = -l + 9. Let z be j(-13). Suppose -y - 2*t + z = 0, 7*y + 2*t = 3*y + 106. Let f = -24 + y. Give a(f).
-13
Let c(j) = 22*j**3 + 32*j**2 + 47*j - 29. Let o(h) = 35*h**3 + 49*h**2 + 71*h - 44. Let f(q) = 8*c(q) - 5*o(q). Calculate f(-8).
12
Let t be (-18)/8 + 1573/484. Let l(a) = -6*a**2 + 8*a**2 + 1 - 14*a**2. Give l(t).
-11
Let p(q) = -q**3 + 9*q**2 + 3. Let j(c) = c**3 - 10*c**2 - 3. Let u(t) = -2*t - 21. Let d be u(-7). Let a(s) = d*p(s) - 6*j(s). Determine a(3).
-3
Let p(n) be the second derivative of -n**4/6 + 17*n**3/6 + 5*n**2/2 + 1233*n. Determine p(9).
-4
Let h(q) = 6*q**3 + 11*q**2 - 11*q + 5. Let j(w) = -6*w**3 - 9*w**2 + 9*w - 4. Let f(y) = 6*h(y) + 7*j(y). Determine f(2).
-40
Let n(o) = -o**3 + 1 + 0 + 3*o**2 - 1213*o + 1213*o. Suppose -4*h + 21 = 3*z, -h = -6*h - 3*z + 24. Suppose -k + 4*x - 9 = 0, 4 = -h*k - 3*x + 22. What is n(k)?
1
Let l(y) = y**2 + 5*y - 7. Let g = -239 - -365. Let t = g - 133. Determine l(t).
7
Let b(x) = -6*x - 210. Let p = 827 + -861. Let q be b(p). Let j(s) = s + 14. Determine j(q).
8
Let c(q) = -137*q + 65*q + 2 + 71*q. Let n(v) = -v + 2. Let j be n(6). Give c(j).
6
Let g = 161 - 155. Let a(o) = -434*o**2 + 1 + o**3 + 4 + g*o + 428*o**2. What is a(5)?
10
Let s(u) = 4 - 5 - 5165413*u**2 + 5165412*u**2 - 8*u. What is s(-6)?
11
Let p(u) be the first derivative of 4*u + 81 + 1/3*u**3 + 4*u**2. Give p(-10).
24
Let o(f) = 20*f + 8. Let x(l) = 37*l + 17. Let s(k) = 11*o(k) - 6*x(k). Determine s(-5).
-4
Let a(y) = 58*y - 33. Let z(s) = -69*s + 31. Let g(c) = 6*a(c) + 5*z(c). Give g(12).
-7
Let d(k) = 33*k - 33. Let m(x) = -31. Let w(f) = -2*d(f) + 4*m(f). Give w(-1).
8
Let x(n) = -n**3 + n**2 - n. Let v(j) be the second derivative of -3*j**5/10 + 11*j**4/12 - 5*j**3/6 - 4*j**2 - 103*j. Let l(g) = v(g) - 5*x(g). Give l(6).
-8
Let j(n) = -5*n + 11. Let h(b) = 7*b - 24. Let q(p) = -4*h(p) - 7*j(p). Give q(-6).
-23
Let d = -11541 - -11541. Let f(q) = -18*q - 2. Calculate f(d).
-2
Let v(d) be the first derivative of -d**3/6 - 7*d**2/2 + d + 4. Let y(n) be the first derivative of v(n). Let f(l) = 10*l - 196. Let b be f(19). What is y(b)?
-1
Let y(o) = -o**2 + 17*o + 4. Let b(n) = n**2 + 20*n + 11. Let j